se 9, what is 7 - 678?
-671
In base 11, what is -3 + 49?
46
In base 9, what is 135 - 2?
133
In base 16, what is -15b - -8?
-153
In base 9, what is -27 + -215?
-243
In base 12, what is -1a + -247?
-265
In base 3, what is -1120 - -210222?
202102
In base 13, what is 3 + -6c4?
-6c1
In base 12, what is 2 + 46?
48
In base 2, what is 101100000 + -10?
101011110
In base 11, what is 0 + 26?
26
In base 5, what is 2210232 + -2?
2210230
In base 8, what is -204 - -1?
-203
In base 15, what is -57 + -3?
-5a
In base 16, what is 7f - -3?
82
In base 5, what is -341 - -132?
-204
In base 8, what is 0 + 7?
7
In base 4, what is -1031 - -11?
-1020
In base 3, what is -11 + -1012021?
-1012102
In base 15, what is 1b - b1?
-95
In base 10, what is 18 + 212?
230
In base 9, what is -5 - -132?
126
In base 12, what is 258 + 3?
25b
In base 16, what is -b86 - 3?
-b89
In base 4, what is -23022 - 1?
-23023
In base 3, what is 21101 - -20?
21121
In base 11, what is 5a - 5a?
0
In base 6, what is -5 + 3440?
3431
In base 10, what is -112 + 8?
-104
In base 7, what is 243 + -31?
212
In base 15, what is -2b8b - 0?
-2b8b
In base 5, what is -11 - 104?
-120
In base 13, what is 2 - -37?
39
In base 7, what is -1 - -116?
115
In base 13, what is -1 - -1c?
1b
In base 9, what is -678 - 2?
-681
In base 13, what is -1 + 616?
615
In base 3, what is -10021 - 2?
-10100
In base 2, what is 1 - -1110110111?
1110111000
In base 9, what is 4 - -228?
233
In base 6, what is -5 + 22?
13
In base 8, what is 1 - 72?
-71
In base 2, what is 100 - -11110001?
11110101
In base 10, what is 14 + -29?
-15
In base 13, what is -22 - b?
-30
In base 8, what is 162 - -4?
166
In base 15, what is -385 - -2?
-383
In base 15, what is 4 + 1a7?
1ab
In base 14, what is -3 - -dc?
d9
In base 5, what is 11 - -133?
144
In base 11, what is -96 + -19?
-104
In base 10, what is -2 + -233?
-235
In base 6, what is -5 - -42115?
42110
In base 4, what is -13321203 - -2?
-13321201
In base 5, what is -410 - 2?
-412
In base 7, what is -3 - 204?
-210
In base 14, what is 5 + 7a?
81
In base 8, what is -231 - 4?
-235
In base 15, what is 6 + -5d?
-57
In base 7, what is -24 - -2?
-22
In base 12, what is 172 + 0?
172
In base 11, what is 16 - 88?
-72
In base 8, what is 565 + 12?
577
In base 2, what is 1100000011110000 + -100?
1100000011101100
In base 13, what is 13 - 30?
-1a
In base 13, what is -9 + -37?
-43
In base 11, what is -5 + -33?
-38
In base 13, what is -4 - 252?
-256
In base 13, what is -494 - 2?
-496
In base 3, what is -10 - -2000001?
1222221
In base 7, what is -11025 + 3?
-11022
In base 4, what is 122 - 220?
-32
In base 3, what is -1000222 + 2?
-1000220
In base 4, what is 113201 + 0?
113201
In base 15, what is 20 + -5?
1a
In base 13, what is -c + -169?
-178
In base 5, what is -101 - 4?
-110
In base 8, what is -440 + -4?
-444
In base 5, what is 1012 - -10?
1022
In base 2, what is 110100 - -11?
110111
In base 13, what is -b - -52?
44
In base 6, what is -14 - 2130?
-2144
In base 8, what is 3 - 326?
-323
In base 5, what is 202 - 303?
-101
In base 2, what is -11011101100 + 101?
-11011100111
In base 14, what is -8 - -c1?
b7
In base 15, what is 4 + -1?
3
In base 2, what is 1011010000111 - 100?
1011010000011
In base 2, what is 0 + 10100110100?
10100110100
In base 5, what is 2 - 22341?
-22334
In base 8, what is 131 - -5?
136
In base 15, what is -3 + cd?
ca
In base 4, what is 3021 + 2?
3023
In base 7, what is 13661 + 1?
13662
In base 3, what is -21 - 10010?
-10101
In base 15, what is 4 - -d?
12
In base 4, what is 3 + -121020?
-121011
In base 8, what is -2 - 36?
-40
In base 8, what is 53 - 27?
24
In base 13, what is -141b + 1?
-141a
In base 3, what is -2102 - 12?
-2121
In base 13, what is 105a + -2?
1058
In base 10, what is -5 + -533?
-538
In base 3, what is -111112 - -2?
-111110
In base 2, what is -111100 - 10110?
-1010010
In base 11, what is 2812 + -1?
2811
In base 16, what is -37c - e?
-38a
In base 12, what is -3 + -37?
-3a
In base 3, what is 1012 + 1021002?
1022021
In base 11, what is 3 - -a99?
aa1
In base 10, what is 3 - 125?
-122
In base 3, what is -111022 + 10?
-111012
In base 10, what is -3 + -69?
-72
In base 6, what is -4132 - -2?
-4130
In base 2, what is -110 + -1011000?
-1011110
In base 8, what is -51 + 372?
321
In base 12, what is 5672 - 4?
566a
In base 7, what is -633 + 2?
-631
In base 8, what is -4152 - -5?
-4145
In base 15, what is 6 + 267?
26d
In base 14, what is 4 + -a9?
-a5
In base 13, what is 249c + -1?
249b
In base 13, what is -612 - -7?
-608
In base 7, what is -1245 + 4?
-1241
In base 15, what is 4 + -5b?
-57
In base 15, what is -2 - -16?
14
In base 11, what is -134 - -15?
-11a
In base 16, what is -4 - 9c?
-a0
In base 5, what is -4 + -133202?
-133211
In base 4, what is 23101 + 2?
23103
In base 11, what is 1 + 39?
3a
In base 2, what is 11 + 111110?
1000001
In base 7, what is 63 + 0?
63
In base 6, what is -4 - 11?
-15
In base 14, what is 5 + 4c?
53
In base 7, what is 1526 + -25?
1501
In base 10, what is 1242 - 1?
1241
In base 14, what is 3 - 8a?
-87
In base 10, what is -33 - -5?
-28
In base 16, what is 30 + -7?
29
In base 2, what is -100110111 - 0?
-100110111
In base 13, what is -161 - 3?
-164
In base 14, what is 2 - -47d?
481
In base 8, what is -5 - 4?
-11
In base 3, what is -10 - -2011?
2001
In base 13, what is -8 - a5?
-b0
In base 2, what is 101 + 101011000001?
101011000110
In base 16, what is -5d6 - -b?
-5cb
In base 11, what is 26 + 2?
28
In base 12, what is 23672 - 0?
23672
In base 14, what is 1 + -27b?
-27a
In base 13, what is -159 - 9?
-165
In base 7, what is -3 - -2026?
2023
In base 2, what is 110001 - -110?
110111
In base 2, what is 1011001 + -101?
1010100
In base 13, what is 1 - -6a?
6b
In base 11, what is 7 - 0?
7
In base 12, what is -1 + -3b?
-40
In base 3, what is 120 + 120?
1010
In base 8, what is 370 + -1?
367
In base 14, what is -49 - 23?
-6c
In base 11, what is 33 - 0?
33
In base 2, what is -1000010000 - 1?
-1000010001
In base 5, what is 4 + -23223?
-23214
In base 12, what is 2 + 7b?
81
In base 3, what is 2101 - 1?
2100
In base 9, what is -2004 - 1?
-2005
In base 8, what is -3 - -347?
344
In base 7, what is 1442 + -3?
1436
In base 5, what is -13304 + 13?
-13241
In base 14, what is 0 - -10b?
10b
In base 2, what is -1001110111001 - 100?
-1001110111101
In base 4, what is -22101 - 1?
-22102
In base 11, what is 3 - 2220?
-2218
In base 14, what is 3a - -9?
45
In base 4, what is 12 + -10?
2
In base 10, what is 712 - 10?
702
In base 9, what is -124 - 65?
-200
In base 11, what is -16646 - 1?
-16647
In base 2, what is 101 + 101010?
101111
In base 8, what is 2707 + 3?
2712
In base 6, what is -55 + -1?
-100
In base 10, what is -40 - -136?
96
In base 15, what is -13 - -c6?
b3
In base 7, what is -3 - -15?
12
In base 8, what is -3474 - -2?
-3472
In base 8, what is -171 - -5?
-164
In base 16, what is -2b - -178?
14d
In base 12, what is -98 - 1?
-99
In base 3, what is 10 - -12012021?
12012101
In base 16, what is -5 - -3?
-2
In base 5, what is 1 + -123434?
-123433
In base 7, what is 6 + -55?
-46
In base 7, what is -1305 + 2?
-1303
In base 4, what is 3 - -131?
200
In base 3, what is 11 - 12011?
-12000
In base 8, what is 0 - 216?
-216
In base 15, what is 1 + -144?
-143
In base 2, what is 1 + 101011?
101100
In base 2, what is 100 - 110111?
-110011
In base 4, what is 3 + 211?
220
In base 13, what is -6 + -b?
-14
In base 11, what is -5 + -55?
-5a
In base 15, what is -186 - -3?
-183
In base 14, what is -2923 - 5?
-2928
In base 5, what is 13 - -10?
23
In base 12, what is 17 + -b?
8
In base 5, what is 10 + -3?
2
In base 4, what is -2301 - 3?
-2310
In base 12, what is 38b - -1?
390
In base 8, what is 471 - -6?
477
In base 5, what is -110 + -2010?
-2120
In base 9, what is 48 + -5?
43
In base 12, what is -3 - -91?
8a
In base 2, what is 1100 - 1011?
1
In base 5, what is -10 + -23240?
-23300
In base 14, what is -6 - 3?
-9
In base 12, what is 2b2 - -1a?
310
In base 8, what is 320 + 46?
366
In base 8, what is 114 + -3?
111
In base 15, what is -3e05 - 0?
-3e05
In base 10, what is -14 - -1236?
1222
In base 14, what is 6 + -35?
-2d
In base 11, what is 6 - -132?
138
In base 12, what is -4 + -10?
-14
In base 12, what is -2860 + 6?
-2856
In base 14, what is 118 - 4?
114
In base 7, what is 15 - -61?
106
In base 8, what is 3 + -307?
-304
In base 4, what is